of i?
3
Suppose 2*u = -3*s + 79, -41 = -2*s - 0*u + u. Let z(a) = -a**3 + 25*a**2 - 33*a + 38. What are the prime factors of z(s)?
337
Let z(l) be the third derivative of 13*l**4/24 + l**3 - 16*l**2. Let n be z(-6). Let y = n - -167. List the prime factors of y.
5, 19
Let f = 105 + -102. Suppose 0 = -5*a + c - 0*c + 4065, -a = f*c - 829. List the prime factors of a.
2, 11, 37
Let o(k) be the third derivative of -k**6/120 + k**5/6 - 11*k**4/24 + 17*k**3/6 - 23*k**2. Let b be o(9). List the prime factors of ((-1 - b) + 1)*(6 + 22).
2, 7
Suppose d - 340 = v, -3*d + 331 = -2*d + 2*v. Suppose 5*b + d - 6467 = 0. List the prime factors of b.
2, 613
Let m(b) = -4*b**3. Let z be m(-1). Suppose -z*g = -42 + 10. What are the prime factors of 334/((g/(-6))/(2/(-3)))?
167
Let a = -46 + 27. Let p(c) = 4*c - 5*c - 5 + 16*c + c**2 + 16. What are the prime factors of p(a)?
3, 29
Suppose -q + 2*b + 41268 = 0, 159*q - 161*q = 2*b - 82512. List the prime factors of q.
2, 5, 2063
Let u = -75750 + 136060. What are the prime factors of u?
2, 5, 37, 163
Let r(l) = 29*l + 6. Let g(i) = 6*i**2 - 12*i + 2. Let z be g(2). Suppose 0 = 5*t + j + j, t - z*j = 12. What are the prime factors of r(t)?
2
Let d be 44/3 - 2/(-6). Suppose 3*j - d = 459. Suppose 2*h = 3*t + 569, 0 = -h + 2*t + j + 129. What are the prime factors of h?
277
Let w(n) = 3*n**2 - 1. Let h be w(-2). Let y(z) = -3*z**2 + 3*z - 5*z**2 - 9*z**3 + h*z**2. What are the prime factors of y(-2)?
2, 3, 13
Let c(j) = -2*j**3 - 54*j**2 + 39*j - 50. List the prime factors of c(-28).
2, 3, 71
Suppose 42000 = 11*c + 7603. What are the prime factors of c?
53, 59
Suppose -5*m + 7 = -12*m. List the prime factors of (10/40 + m/(-4))*66.
3, 11
Let x be 2817 - -6*(-4)/3. Let y = -1717 + x. List the prime factors of y.
2, 3, 7, 13
Suppose 21*p - u - 3197 = 17*p, 2*p - 2*u = 1606. Suppose 1444 + 1211 = -5*f. Let z = p + f. List the prime factors of z.
3, 89
Let c(f) = -f**2 - 13*f + 21. Suppose 3*r = -5*m - 0*m - 150, m - r = -30. Let z = 16 + m. List the prime factors of c(z).
7
Let m = 272 + -272. Suppose 3*o - a - 1205 = m, -2*o + 1193 = o - 4*a. What are the prime factors of o?
13, 31
Let v(p) be the first derivative of 17*p**2 - p - 2461. Let h(q) = q**3 + 3*q**2 - 2*q - 4. Let a be h(-3). List the prime factors of v(a).
67
Suppose 50*d - 77*d = 77*d - 8444696. What are the prime factors of d?
81199
Suppose -5*u + z = -19684, -37*u + 42*u - 5*z = 19680. What are the prime factors of u?
31, 127
Let k(f) = f**3 + 13*f**2 - 29*f + 20. Let z be k(-15). Suppose x + 992 = 5*x - 4*d, 0 = -z*d. What are the prime factors of x?
2, 31
Suppose 5*f - 10*f + 30 = 0. Suppose 5*t + f*t = 660. Suppose 59*c + 70 = t*c. What are the prime factors of c?
2, 5, 7
Let o(y) = 90*y + 7771. Let r be o(-72). Let b be -1*(1 - 7 - -1). Suppose -3*m + 779 = b*h, -2*h - r = -5*m - 3*h. What are the prime factors of m?
2, 3, 43
Let t be (-147)/(-14)*(-2 - 12/(-9)). What are the prime factors of (10 - -2) + t + 25*10?
3, 5, 17
Suppose -u + 5271 - 1639 = 0. Suppose u + 2956 = 9*d. List the prime factors of d.
2, 3, 61
Let y be (-4)/(-22) - (-6 - (-140)/44). Suppose -4*g - 10 = -y*u, 3*g + 0*g = u - 10. List the prime factors of (u/3)/(12/(-1728)).
2, 3
Suppose u + 4*i = 6730, -22*u + 33602 = -17*u - 4*i. What are the prime factors of u?
2, 3361
Suppose 0 = 4*h + 12, 283*h - 281*h = 2*t - 21936. List the prime factors of t.
3, 5, 17, 43
Let y(a) = -a**3 - 30*a**2 + 12*a - 14. List the prime factors of y(-40).
2, 7753
Let l be (-2 - -1) + (-968)/(-22). Let x = -38 - -17. Let c = x + l. List the prime factors of c.
2, 11
Let n(k) = 3*k**3 + 6*k**2 + 199*k + 22. What are the prime factors of n(20)?
2, 3, 563
Suppose -154 = -2*m + 13*m. List the prime factors of ((-772)/m)/(2/7).
193
Suppose 0 = -2*o + 3*v + 12881, 74*o = 69*o - v + 32177. What are the prime factors of o?
2, 1609
Suppose 5*u - 6 = 2*h, -6*h + 10*h = 4*u - 12. List the prime factors of 5 - (u/(-4) + -610).
3, 5, 41
What are the prime factors of (-5097)/(-4) + -1 - (-54)/(-216)?
19, 67
Suppose -9*k + 2750 + 8572 = 0. Suppose 2*o - k = -0*o. List the prime factors of o.
17, 37
Let b(o) = o**3 + 23*o**2 + 20*o - 50. Let v be b(-22). List the prime factors of 17/(v/(570/(-5))).
17, 19
Let g(k) = -2*k**2 + 26*k - 31. Let t be g(24). Let i = 910 + t. Suppose z - 2*n = 5*z - 468, n = -3*z + i. What are the prime factors of z?
3, 13
Let v be (-6)/(-12*14/56). Let q(p) = 0 + p + p**2 + 12*p**3 - 3*p**2 - 1. What are the prime factors of q(v)?
89
Let j = -336 + 346. Suppose 4*y = 4*l - 1248, -2*l - 12*y = -j*y - 620. What are the prime factors of l?
311
Let m = 81 - 82. Let j(t) = -t + 1. Let i(y) = -12*y + 7. Let c(s) = m*i(s) - 6*j(s). What are the prime factors of c(12)?
7, 29
Let s = 186 - 187. List the prime factors of 1/(s + 4 - (-2756)/(-920)).
2, 5, 23
Suppose 0*q - 8 = 4*q. Let o be (-1)/(4/(-352)) + q. Suppose 0 = -4*l - 4*g + 114 + 230, -4*g + o = l. List the prime factors of l.
2, 43
Let g(i) = 35*i + 71. Let x be g(-8). Let v = x + 627. List the prime factors of v.
2, 11, 19
Suppose 44*r + 180 = 46*r. Suppose -85*k + r*k - 7200 = 0. What are the prime factors of k?
2, 3, 5
Let w be (-50)/(-10) - (1 - -1). Let a be 3/6 - (-2)/(-12)*w. Suppose a = 2*s - 7*s - 5*z + 1465, z - 584 = -2*s. List the prime factors of s.
3, 97
Let g(t) = 62*t**3 + 10*t**2 + 68*t - 435. What are the prime factors of g(9)?
3, 5, 3079
Let v = 6 - -20. Suppose -266 = -m - 5*i, 3*i + 519 = 2*m - v. What are the prime factors of m?
271
Let v = 1762 - 1722. What are the prime factors of v?
2, 5
Suppose 9 = 5*u - d, -3*d + 5 = 2*u - 2*d. Let f be u/(1 - (-35)/(-25)). What are the prime factors of 11/(f/(-20)*4)?
11
Suppose 3 + 6 = 3*u. Suppose -t = -2*v, -3*v - 10 = v + u*t. Let s(q) = -99*q**3 - 2*q**2 + 2. List the prime factors of s(v).
3, 11
Let j(u) = 6*u - 3. Let v be j(1). Let t be 18/4 - 1*v/6. Suppose 2*h + t*h = 270. What are the prime factors of h?
3, 5
Let q = -86316 - -132938. What are the prime factors of q?
2, 23311
Let s = -2752 - -7126. List the prime factors of s.
2, 3
Let w(o) = -822*o**3 - 25*o - 84. What are the prime factors of w(-3)?
3, 5, 17, 29
Let p(t) = -8*t**3 + 3*t**2 + 3*t. Let q be p(2). List the prime factors of 3/((-6)/(-116))*(-989)/q.
29, 43
Let p(w) = -w**3 - 8*w**2 - 8*w - 8. Let g be p(-5). Let j = 41 + g. List the prime factors of -3 - (j + 10*-5).
7
Suppose -2*n + t = -6781, 12*n - 7*n = -t + 16942. Suppose -s + 1364 = a, -5*a = 2*s + n - 10218. What are the prime factors of a?
1367
Let a(n) = n - 5. Let c be a(5). Let y = -1509 - -1519. List the prime factors of (c - (-24)/y)/(1/50).
2, 3, 5
Suppose 4*i = 5*t - 13 - 74, -95 = 4*i + 3*t. Let j = -7 + i. Let q = -8 - j. List the prime factors of q.
2, 11
Let l be (-45)/(0 - 12/8). Suppose -m - 5*j = l, 3*j = m + 6 + 8. What are the prime factors of 34*-5*2*5/m?
5, 17
Suppose -5*z + 9*d - 5*d = -161073, -32261 = -z - 5*d. List the prime factors of z.
7, 4603
Let q be 5/(-3) - 3/9 - -661. Let f(l) = -3*l - q + 660 - 5*l + 14*l**2. List the prime factors of f(-2).
73
Let y(d) = -d + 9. Let o be y(4). Suppose 0 = -7*z - 74 + 305. Suppose o*w - 392 = z. List the prime factors of w.
5, 17
Let l(z) = z. Let j(k) = -4*k - 10. Let b(p) = j(p) + 2*l(p). Let t be b(-6). Suppose t*y - 128 = 2*g, 4*g + 0*g + 67 = y. List the prime factors of y.
3, 7
Let h be (-4389)/(-44) - (2/(-1))/8. Let j = 181 + h. List the prime factors of j.
281
Suppose 0 = -5*z + 5*f + 2940, -2153 - 193 = -4*z + 2*f. List the prime factors of (z/18)/(-13)*(-289 - 1).
5, 29
Let o(y) = -y**3 - 16*y**2 - 18*y - 41. Let k be o(-15). Let l be 556 - -6*4/(-8). Suppose -l = k*h - 1509. What are the prime factors of h?
239
Suppose 51*h - 39813 = 23767 + 18683. List the prime factors of h.
1613
Let c = 337 - -75. Suppose 0 = t - 3*t - 5*i + c, -4*i - 852 = -4*t. What are the prime factors of t?
211
Let n = 4830 + -784. Suppose n = 9*l + 5*l. What are the prime factors of l?
17
Let d(m) = -2*m**3 - 8*m**2 + 6*m + 2. Let f be d(5). List the prime factors of 4 - 2 - (2/1 + f).
2, 11, 19
Suppose 13*a - 18 = 21. Suppose 3*o + w - 1073 = 0, -4*o - 2*w + 1428 = -0*w. Suppose 3*u - 128 = -z, a*u + u = -3*z + o. What are the prime factors of z?
113
Let p(j) = j**3 - 13*j**2 + 23*j - 3